or of 21375 and 29750?
125
Calculate the greatest common divisor of 700 and 8575.
175
What is the highest common factor of 48 and 76476?
12
What is the highest common divisor of 513 and 2862?
27
Calculate the greatest common factor of 144227 and 2476.
619
What is the highest common divisor of 137156 and 68?
68
Calculate the highest common divisor of 1512 and 13500.
108
What is the greatest common factor of 9338 and 322?
322
What is the highest common factor of 78 and 624?
78
What is the greatest common divisor of 231 and 6846?
21
What is the highest common divisor of 100740 and 264?
12
Calculate the highest common factor of 35559 and 439.
439
What is the highest common factor of 10 and 225040?
10
What is the highest common divisor of 2054 and 806?
26
Calculate the highest common factor of 123019 and 416.
13
What is the highest common divisor of 1880578 and 56?
14
What is the greatest common factor of 9688 and 21?
7
What is the highest common factor of 18 and 141?
3
Calculate the greatest common factor of 624 and 36688.
16
What is the greatest common factor of 23577 and 24390?
813
What is the highest common divisor of 235980 and 2907?
171
What is the highest common factor of 73000 and 1350?
50
Calculate the highest common divisor of 7810 and 1210.
110
What is the highest common divisor of 7810 and 979?
11
Calculate the highest common divisor of 14 and 326158.
14
Calculate the greatest common divisor of 108796 and 472.
236
What is the greatest common divisor of 301047 and 1150?
23
Calculate the highest common factor of 48599 and 115.
23
What is the highest common divisor of 1388 and 20?
4
Calculate the highest common divisor of 548 and 2394349.
137
What is the highest common divisor of 125748 and 7?
7
What is the greatest common factor of 470925 and 207?
207
What is the highest common factor of 142 and 1694486?
142
Calculate the greatest common factor of 76153 and 4025.
161
Calculate the greatest common divisor of 1926 and 360.
18
Calculate the highest common divisor of 62747 and 187.
17
Calculate the greatest common divisor of 522 and 4115709.
261
Calculate the greatest common divisor of 162 and 2655720.
54
What is the highest common factor of 126958 and 3914?
38
What is the highest common divisor of 23474 and 2?
2
Calculate the greatest common factor of 3400 and 4675.
425
What is the greatest common divisor of 219 and 9868359?
219
What is the greatest common factor of 360 and 41319?
9
Calculate the greatest common factor of 2449 and 42377.
31
Calculate the highest common factor of 17583 and 108.
3
What is the highest common factor of 7398 and 251121?
411
Calculate the highest common factor of 4588 and 592.
148
What is the greatest common factor of 2418 and 6882?
186
What is the highest common factor of 9369 and 4511?
347
Calculate the greatest common factor of 90 and 436830.
30
What is the highest common divisor of 8815 and 29455?
215
What is the greatest common factor of 416 and 388739?
13
What is the highest common divisor of 32 and 177104?
16
What is the highest common factor of 1177 and 3619?
11
Calculate the greatest common factor of 70028 and 820.
164
What is the highest common factor of 11801840 and 580?
580
What is the highest common divisor of 72 and 241368?
24
Calculate the greatest common factor of 38935 and 130.
65
What is the highest common factor of 4290 and 400290?
330
What is the greatest common factor of 40 and 191960?
40
What is the highest common divisor of 119 and 512?
1
Calculate the greatest common factor of 697 and 4125543.
697
Calculate the highest common divisor of 982744 and 92.
92
What is the highest common factor of 1722761 and 471?
157
Calculate the highest common factor of 2932 and 61.
1
What is the highest common divisor of 449632 and 16?
16
Calculate the highest common divisor of 1261568 and 6160.
1232
What is the greatest common factor of 559845 and 440?
55
What is the highest common divisor of 2960 and 4625?
185
Calculate the greatest common factor of 2085144 and 60.
12
Calculate the highest common divisor of 24104 and 920.
184
What is the highest common divisor of 98760 and 1920?
120
Calculate the greatest common divisor of 15668 and 8.
4
Calculate the highest common factor of 23177 and 7224.
301
What is the greatest common factor of 56 and 5224268?
28
Calculate the greatest common factor of 2994306 and 56.
14
Calculate the greatest common divisor of 82320 and 2240.
560
What is the highest common divisor of 552 and 9062?
46
What is the highest common factor of 76 and 43339?
19
Calculate the greatest common factor of 5332 and 4092.
124
What is the greatest common divisor of 170800 and 125?
25
Calculate the greatest common divisor of 9990 and 405.
135
Calculate the highest common divisor of 598 and 8303.
23
Calculate the greatest common factor of 8876 and 1204.
28
What is the highest common factor of 115 and 1812193?
23
Calculate the greatest common divisor of 1992118 and 426.
142
What is the greatest common factor of 1389737 and 457?
457
What is the highest common divisor of 4727 and 101875?
163
Calculate the highest common factor of 6474 and 117.
39
What is the greatest common divisor of 22 and 1037795?
11
What is the greatest common factor of 331759 and 1444?
361
What is the greatest common divisor of 189 and 514782?
27
What is the highest common factor of 29777 and 33?
11
What is the greatest common divisor of 6606 and 80946?
18
Calculate the greatest common divisor of 1746 and 1881606.
582
Calculate the greatest common factor of 1806 and 5502.
42
What is the highest common divisor of 523309 and 327?
109
Calculate the highest common divisor of 642586 and 249.
83
What is the highest common factor of 95543 and 7?
7
Calculate the greatest common divisor of 3703249 and 2684.
671
Calculate the greatest common divisor of 25337 and 26.
13
What is the greatest common factor of 6496 and 416?
32
What is the highest common factor of 23226 and 26070?
474
Calculate the greatest common divisor of 138017 and 187.
11
What is the greatest common factor of 704 and 63877?
11
Calculate the highest common divisor of 116 and 52.
4
What is the highest common divisor of 13366230 and 15?
15
What is the greatest common factor of 27135 and 315?
45
What is the greatest common factor of 3715472 and 48?
16
Calculate the greatest common divisor of 12467 and 9919.
91
Calculate the highest common divisor of 2685379 and 428.
107
Calculate the greatest common divisor of 18288 and 1270.
254
What is the highest common factor of 9 and 461127?
3
What is the highest common factor of 289 and 92191?
289
What is the highest common factor of 22 and 11638?
22
What is the greatest common divisor of 8257 and 46?
23
Calculate the greatest common divisor of 282 and 385306.
94
What is the greatest common divisor of 640 and 1392?
16
Calculate the greatest common divisor of 6345 and 5.
5
Calculate the highest common divisor of 70 and 1130430.
70
Calculate the highest common factor of 16332960 and 480.
480
What is the highest common divisor of 25 and 1995325?
25
Calculate the greatest common factor of 170 and 156230.
170
Calculate the greatest common factor of 725 and 60407.
29
Calculate the highest common divisor of 11 and 385253.
11
Calculate the highest common factor of 20 and 256705.
5
Calculate the greatest common divisor of 4528 and 32.
16
Calculate the greatest common factor of 17161 and 2227.
131
What is the highest common divisor of 285648 and 704?
176
What is the greatest common factor of 117 and 767?
13
Calculate the greatest common factor of 60 and 23295.
15
What is the greatest common divisor of 1391 and 195596?
107
What is the greatest common divisor of 132 and 869?
11
What is the greatest common divisor of 55840 and 17280?
160
What is the highest common factor of 68309 and 83?
83
Calculate the highest common divisor of 124 and 28241.
31
Calculate the greatest common factor of 2178 and 5706.
18
Calculate the greatest common divisor of 35433 and 13335.
381
Calculate the highest common divisor of 358764 and 27.
3
Calculate the greatest common divisor of 51210 and 150.
30
Calculate the greatest common divisor of 128 and 16.
16
What is the greatest common factor of 295 and 448341?
59
Calculate the greatest common factor of 1035455 and 369.
41
C